?
True
Suppose u - m + 13 = 43, -89 = -3*u + 2*m. Is u a multiple of 2?
False
Let c be ((-1)/3)/(4/60). Is (-96)/c - 20/(-25) a multiple of 8?
False
Let g = -65 + 75. Let s(r) = 6*r - 15. Is s(g) a multiple of 11?
False
Let z be 65/(-13)*2/5. Let o be (2 + -2)*(z - -1). Suppose 2*u + 96 = 6*u + 4*i, -4*u + 5*i + 96 = o. Is 12 a factor of u?
True
Suppose -3*b + 1208 = -g, 2*b + 3*g - 214 - 595 = 0. Is b a multiple of 9?
False
Suppose 0 = -p - 3*p - t + 289, 4*t - 148 = -2*p. Suppose 4*f + p = 4*a, 5*f = 3 + 17. Let d = 55 - a. Is d a multiple of 11?
True
Suppose 6*y + 2994 = 3*w + w, 4*w - 4*y = 2988. Does 24 divide w?
True
Let i(c) = 56*c + 753. Is i(0) a multiple of 30?
False
Is (-9)/2*(-32406)/297 a multiple of 41?
False
Suppose 0 = 3*f - 3*s + s - 4, 7 = 3*f + s. Let w(u) = -u**2 - 2*u**f + 14*u + 2*u**2 - 9. Is 4 a factor of w(11)?
True
Suppose 6 = 2*y + y, -54 = 5*l - 2*y. Let h(f) = 2*f**2 + 9*f + 17. Does 23 divide h(l)?
False
Let v(t) be the first derivative of t**6/120 + t**5/12 + t**4/6 + t**3/3 + 5*t**2/2 + 1. Let d(k) be the second derivative of v(k). Does 4 divide d(-3)?
True
Let b(d) = -d**2 - 2*d + 8. Let r(v) = -3 + 2 + 2 - v - v**2. Let k(t) = b(t) - 2*r(t). Is 11 a factor of k(-7)?
True
Is 21 a factor of 434/6 + 5/(-7 + -8)?
False
Let t = 107 - 75. Let s = 63 - t. Is s a multiple of 9?
False
Suppose 6*h = -3*j + 3*h + 1875, 2*h + 640 = j. Does 63 divide j?
True
Suppose -5*a + 4*c = c + 22, 16 = -4*a + 4*c. Let k(t) = -t**3 - 4*t**2 + 3*t - 5. Let f be k(a). Suppose f*g - 7 = 43. Does 10 divide g?
True
Suppose 0 = 5*s + 4*c - 270, s - 2*c + 270 = 6*s. Is s a multiple of 9?
True
Let y(w) = w**3 - 8*w**2 + 6*w + 40. Let d be y(6). Let n(z) be the second derivative of z**4/12 - z**2 - z. Is n(d) a multiple of 7?
True
Let c(n) be the first derivative of 4*n**3/3 + n**2 + 3*n - 1. Is c(-2) a multiple of 15?
True
Suppose 8*q - 6*q + 36 = 0. Is 4 a factor of (-4)/q - (848/(-72) + -1)?
False
Suppose 0 = -21*c + 9074 - 863. Is c a multiple of 7?
False
Let g(v) = v**3 - 11*v**2 + 10*v + 2. Let u be g(10). Suppose u*n + n - 306 = 0. Is n a multiple of 17?
True
Let q be 49 - (-5)/((-25)/(-15)). Suppose q = 5*u - 2*g - 154, -g + 2 = 0. Does 14 divide u?
True
Suppose -a + 299 = -805. Does 23 divide a?
True
Let k(r) = -r**2 + 10*r + 23. Is 4 a factor of k(9)?
True
Let o = -260 - -1047. Suppose 3*i - i + 3*h = 301, -5*i + o = -4*h. Does 15 divide i?
False
Suppose 0 = -5*p - 2*t - t + 3390, 3*p - 2045 = -4*t. Suppose 0 = -10*a + a + p. Is a a multiple of 25?
True
Suppose 3*s - 15 = -0*s. Suppose -3*x = a - 359, 0*x - 593 = -s*x + a. Let k = x - 63. Is k a multiple of 14?
True
Let c be 0/(-2 - (0 - 5)). Suppose -5*y - j + 40 = -6*j, c = -4*y - 4*j - 8. Suppose -1 = -y*l + 326. Is 36 a factor of l?
False
Let v = 22 - 19. Let k = 2 + 0. Suppose 5*i = 5*j + 145, 0 = k*j - v*j + 1. Is 17 a factor of i?
False
Suppose -7*h - 707 = -n - 5*h, -3*n + 5*h = -2119. Is n a multiple of 8?
False
Let w be -3 + (0 - 4 - -16). Suppose 0 = 2*x + 21 + w. Is (60/25)/((-6)/x) a multiple of 5?
False
Let y(x) = x**2 - 22*x + 104. Let i be y(5). Let b = 23 - 14. Let m = i - b. Is m a multiple of 9?
False
Let v = -24 - 2. Is 13 a factor of -14*v/8*2?
True
Suppose -h + 2*a + 700 = 0, 0 = 6*a - 8*a - 10. Does 25 divide h?
False
Suppose -7 + 2511 = 2*w + 2*x, 3*x - 5010 = -4*w. Is 57 a factor of w?
True
Suppose -471 = -10*h + 1439. Is 10 a factor of h?
False
Does 6 divide (-1534)/(-12) - (-135)/810?
False
Let x(w) = -w**3 + 31*w**2 - 107*w + 53. Is x(27) a multiple of 2?
True
Let i = 854 + -367. Does 120 divide i?
False
Let m(x) = 3321 - x**3 + 15*x + 5*x**2 - 3346 + 0*x**3. Is 8 a factor of m(5)?
False
Let t(f) = 10*f + 90. Does 12 divide t(32)?
False
Let o(k) = -171*k + 8. Let g be o(-1). Suppose 176*l - g*l + 57 = 0. Does 3 divide l?
False
Suppose -10 = -5*g, -2*s + 5*g = 4 + 6. Let q = s + 2. Suppose 7 = q*i - 5. Is i a multiple of 6?
True
Let m(j) be the second derivative of 4*j**3/3 - 7*j. Suppose 0 = 2*z - 0*z - 4. Does 16 divide m(z)?
True
Let j be 1 + (3 - 4 - -101). Let w = 249 - j. Is 20 a factor of w?
False
Let a(t) = -80*t**3 + 10*t**2 + 19*t - 6. Does 83 divide a(-3)?
False
Is 4 a factor of (-6)/(216/348)*-51?
False
Suppose 0 = -2*t + 6. Let z(n) be the first derivative of 2*n**3/3 - 5*n**2/2 + 4*n + 22. Is 7 a factor of z(t)?
True
Suppose 21*j - 3564 = 3*j. Is j a multiple of 21?
False
Suppose 6*b = 8*b. Suppose b = -0*c - 3*c - 27. Is (c/(-18))/((-1)/(-40)) a multiple of 10?
True
Let o = -63 + 62. Is 17 a factor of 0 - (-5 + o*114)?
True
Let h(p) = -4*p**2 - 11*p - 5. Let v be h(-7). Let o = 137 + v. Is 3 a factor of o?
False
Let j(u) = 6*u**2 - 29*u + 43. Is 17 a factor of j(7)?
False
Let d be 14/(-28) + 70/(-4). Let y be (d/(-12))/(1/2). Is ((-1)/(-3))/(y/171) a multiple of 10?
False
Let u(y) = 19*y**2 - 8*y - 82. Is 44 a factor of u(-6)?
False
Let b = -227 + 344. Does 9 divide b?
True
Suppose 2*d - 4*y - 222 = 0, 0*d + d - 3*y = 111. Suppose -u - 42 + d = 0. Is 23 a factor of u?
True
Let d(o) = o**2 + o - 1. Let n(x) = -6*x**2 + 2*x - 3. Let r(a) = 3*d(a) - n(a). Let p be r(-2). Let h = p - 19. Is h a multiple of 13?
False
Let t(r) = -3*r + 196. Is t(5) a multiple of 2?
False
Suppose -4*n + 5*u + 648 = 0, 5*n + u - 823 = 4*u. Let o = -99 + n. Is o a multiple of 34?
True
Suppose -162*x + 22880 = -142*x. Is 11 a factor of x?
True
Suppose 3*i + 50 - 185 = 0. Is 15 a factor of i?
True
Suppose 549 + 9201 = 10*r. Suppose 975 + r = 13*l. Is l a multiple of 15?
True
Is 4 a factor of (-3)/(16 + -11 + (-172)/34)?
False
Let u(d) = -2*d**2 + 12*d + 11. Let f be u(7). Is f + 1 + 153 + 3 a multiple of 22?
True
Suppose 0 = 3*m - m. Suppose -f + q = -q - 2, m = 2*q + 2. Suppose 2*u + 2*o = -f*o + 42, o = 2*u - 57. Does 5 divide u?
False
Is (59/(-12))/((-22)/264) a multiple of 6?
False
Let a(j) = 8*j**3 + 147*j**2 - 9*j - 20. Does 9 divide a(-18)?
False
Suppose -4*w - 3*g + 1964 = 0, 3*g - 7*g = 0. Does 12 divide w?
False
Let j = 25 + -23. Let c(a) = -5*a**2 + 2*a**2 + j + 5*a**2 + 17 + 9*a. Does 16 divide c(-6)?
False
Let q(z) = 130*z - 36. Is q(2) a multiple of 14?
True
Let y = -22 - -27. Let h(n) = 3*n - 3. Is h(y) a multiple of 6?
True
Suppose q + 2 - 17 = 0. Let h = -10 + q. Suppose k - 5*v - 123 = -2*k, 165 = 5*k + h*v. Is k a multiple of 18?
True
Suppose 3*b = -44*n + 49*n + 7298, 5*b - 4*n = 12146. Does 46 divide b?
False
Suppose -3*g + 3*c = c - 29, -g = -c - 10. Suppose -6*q + g = -3. Suppose q*v - 16 = -5*d, 3*v + 2*d - 27 = 19. Is 5 a factor of v?
False
Suppose -35 = -k - 0*k + 5*p, 3*k + 3*p = 33. Let c = 47 - k. Suppose -3*a + c = a. Does 2 divide a?
True
Let c = -15 + 267. Is 21 a factor of c?
True
Let g = -78 - -182. Is 8 a factor of g?
True
Let z = -76 - -316. Suppose 8*l - 2*l = z. Does 5 divide l?
True
Suppose 5*i = -15, 3*i = f - 2*i - 970. Suppose 13*g - f = 1099. Is g a multiple of 24?
False
Suppose -5*t - 3*i = -232 - 757, 0 = -4*t + 5*i + 769. Does 3 divide t?
False
Let t be 2*-1 - 14/(-2). Suppose j - 112 = -5*o, 0*o + t*o - j - 118 = 0. Suppose 31 = 3*k + k + 5*q, 4*q - o = -3*k. Does 8 divide k?
False
Let r(i) = i**3 + i**2 - 2*i + 1. Let c be r(-2). Is (6/(-4))/(c/(-82)) a multiple of 21?
False
Let r(w) = w - 18. Let v be r(26). Suppose -v*u - 32 = -272. Is 15 a factor of u?
True
Let o = -391 - -783. Is 8 a factor of o?
True
Let c(u) = 9*u**2 - 51*u - 12. Does 15 divide c(11)?
False
Let s(n) = -2 - n**2 + 12*n + 0 + 14. Let b be (-5)/(-4)*(-16)/40*-12. Does 12 divide s(b)?
True
Let a(c) = -24*c**3 - c**2 - c - 2. Let g be a(-1). Suppose 57*j = 56*j + g. Is 3 a factor of j?
False
Let j be 66/(-9)*9/(-6). Suppose 1 + j = -3*p. Let m = p - -76. Is 24 a factor of m?
True
Suppose -8*m = -10*m + 92. Suppose 28 = -45*r + m*r. Does 14 divide r?
True
Suppose 0 = -4*t + 2*m + 6, -3*m = 4*t - 2*m - 9. Let c be t + 0 - -1 - -143. Suppose -3*v + 4*f = -c, 5*f - 24 = 4*v - 220. Is v a multiple of 18?
True
Is 18/(-63) + -3215*(-1)/7 a multiple of 31?
False
Suppose 24 = t + 2*t. Let l be 1/(-3) + t/(-12). Does 10 divide -7*((-46)/14 + l)?
True
Suppose -12*z = -1897 - 3827. Is z a multiple of 58?
False
Let m(h) = h**2 - 4. Let j be m(2). Let v be -1*(j + -2 + 3). Is 13 a factor of 630/7 - (-2 - v)?
True
Suppose 0 = -i + 4*y + 57, -210 = -4*i - 0*i - 2*y.